and 14.
2
Let x = 81 - 153. Let w = 74 + x. Suppose w*b - 16*b = -56. What is the highest common factor of b and 20?
4
Let f be (-3)/((-9)/(-2))*-33. Let c(h) = -2*h - 7 + 37 - f. Let p be c(-5). What is the greatest common factor of p and 144?
18
Let a(k) = -k**2 + 114*k + 1403. Let h be a(-11). Calculate the greatest common factor of h and 1295.
7
Let b(a) = 43*a**3 - 3*a**2 + 54*a - 104. Let m be b(2). What is the greatest common divisor of m and 192?
48
Let r be (0 - 5)/(19 - (-13780)/(-720)). Let n(x) = x + 72. Let s be n(0). Suppose -y = -r - s. What is the highest common divisor of 9 and y?
9
Suppose -6*r + 473 = 5*r. Suppose -4*m + 121 = -w, 0 = -2*m - 2*w + r + 15. Calculate the greatest common divisor of m and 50.
10
Suppose -5*f = -308 - 212. Let k be 5*(-41)/(-820) + (-102)/(-8) + 0. What is the highest common factor of f and k?
13
Suppose -i + 6*i - 573 = 2*i. What is the highest common factor of 8022 and i?
191
Let w(n) = 23*n + 1. Let l be w(1). Let d = 99 + -47. Suppose -2*r + 13*s = 9*s - d, s = -3*r + 71. What is the greatest common factor of r and l?
24
Let m be (67 + 3)/((-15)/(-165)). What is the greatest common divisor of m and 605?
55
Let j be ((-3598)/(-257))/(1/(-20)*20/(-8)). Calculate the highest common factor of 427 and j.
7
Let n(z) = -42*z + 180. Let x be n(-6). Suppose 24*h + x = 33*h. Calculate the greatest common divisor of h and 112.
16
Suppose 0 = -3*d - 3*x + 858, -3*x = -60*d + 57*d + 870. Calculate the highest common divisor of d and 56.
8
Let m = -107 - -119. Suppose 24 = 2*v - m. Let w be 2 + 0/(-3) + 0. What is the greatest common divisor of w and v?
2
Let i = 919 - 79. Suppose -11*q = q - i. Calculate the highest common divisor of q and 28.
14
Let r be 2 - 3/((-12)/4). Suppose 0 = s - 48 + r. Suppose 0 = -5*a + 3*m + 1134, 0 = 4*a + 39*m - 38*m - 897. What is the greatest common divisor of a and s?
45
Let i = 10241 - 3521. What is the greatest common factor of 504 and i?
168
Suppose 4*k + 169 = 25. Let s be 16 + 0 + k/9. Let l be (s/(-5))/(4/(-40) + 0). What is the highest common divisor of 108 and l?
12
Let r(b) = -44*b + 2000. Let i be r(45). What is the greatest common factor of 1630 and i?
10
Let l = 19 - 9. Suppose -5*j + 3*j + 5*f + 14 = 0, 3*f = -4*j + 2. Suppose 53 = 5*g - h, -36 = -5*g + j*h + 20. What is the greatest common factor of g and l?
10
Suppose 5*f - 153 = -i, -f - i + 27 = -2*i. Suppose f*p - 76 = 28*p. What is the highest common divisor of 171 and p?
19
Suppose 3 + 263 = 2*k. Suppose -29307 = 236*p - 30959. Calculate the greatest common divisor of k and p.
7
Suppose -28*m + 27*m - v + 105 = 0, 5*v = 4*m - 411. Calculate the highest common factor of 56 and m.
8
Suppose 0 = -5*i + 88 + 2502. Calculate the greatest common divisor of 1110 and i.
74
Let o(b) = 7*b**2 - 705*b - 253. Let z be o(104). What is the greatest common divisor of z and 124?
31
Suppose -79*q - 68931 = -116*q. Calculate the highest common factor of 828 and q.
207
Let i(o) = -5*o**2 + 318*o + 503. Let y be i(65). Suppose 3*s = 6*s - 468. What is the greatest common divisor of y and s?
12
Suppose 2*j + 3*y - 27 = -1, 2*y - 14 = -j. Suppose -3*s = -3*l - 3, -s = s - 5*l + j. What is the greatest common factor of s and 125?
5
Suppose 3*j + 2*j + 3*y = 254, -2*j - 3*y + 107 = 0. Let f be ((-6)/(-4))/(180/120). Let t be j + -22 - 4*f. Calculate the highest common factor of 23 and t.
23
Let m(s) = -2*s**2 - 61*s - 359. Let k be m(-9). What is the highest common divisor of k and 756?
28
Let k be -2*(-2)/(-26) + 12090/(-507) + 40. Let q be (-1620)/(-50) - 4/10. Calculate the highest common factor of q and k.
16
Suppose -f + 842 = -3*f. Let u = f + 763. Suppose -11*r + 618 = 200. What is the greatest common divisor of r and u?
38
Suppose 2*f = 2*n - 14, 3*f + 25 = n + 3*n. Let x(m) = -4*m**3 - 38*m**2 - 93*m - 20. Let g be x(-6). Calculate the highest common divisor of g and n.
2
Let n = 6338 - 3754. What is the greatest common divisor of n and 136?
136
Let b = -75421 - -109838. What is the greatest common divisor of 271 and b?
271
Let c(y) = -y**2 - 23*y - 40. Let s be c(-2). Let b = 507 + -283. Suppose -b = -5*u - s*u. What is the greatest common divisor of u and 8?
8
Suppose 9408 + 672 = 72*c. Calculate the greatest common divisor of c and 588.
28
Suppose -1519*y = -1514*y - 1950. What is the highest common factor of y and 60?
30
Let a(p) = -75*p**3 + 3*p**3 - 9*p - 14 + 40*p**3 - 2*p - p**2. Let o be a(-2). What is the greatest common factor of o and 52?
52
Let p = -13638 + 28877. Calculate the highest common factor of 311 and p.
311
Let b be (-666406)/(-22) - (-19 - (-6119)/319). Calculate the highest common factor of b and 69.
69
Let m(i) = i**3 + 5*i**2 + 6*i + 35. Let s be m(-5). Suppose 0 = 5*c - s*n - 1050, -4*c + 2*n = 3*n - 830. What is the greatest common divisor of 16 and c?
16
Let y = 362 - 120. Suppose 0 = -2*w - 20*w + y. What is the greatest common factor of 121 and w?
11
Suppose -2*d + 246 = d. Suppose 0 = -66*o + 71*o + 285. Let t = d + o. What is the highest common divisor of 175 and t?
25
Suppose 227046 + 387311 = 141*v - 19579. Calculate the highest common factor of v and 16.
16
Suppose -21*u - u = -1914. Suppose d - u = -2*j - 32, 4*j = 3*d + 135. Calculate the greatest common divisor of 70 and j.
10
Let j(b) = -b**3 - 2*b**2 - b + 3. Let n be j(-2). Let t(d) = -7*d - 6*d + d + 63 - 91. Let g be t(-4). What is the highest common factor of n and g?
5
Suppose 2*x - x + 2*k = 1382, -3*x = -5*k - 4102. Suppose 13*r - x = 16*r. Let p = 689 + r. Calculate the highest common factor of 21 and p.
21
Let c(n) = 8*n**2 - 332*n - 564. Let d be c(69). Calculate the greatest common divisor of 216 and d.
72
Suppose 383*u + 66681 = 392*u. Calculate the highest common factor of 31 and u.
31
Let p = 216408 + -216344. Let h be (1 - 7)*160/(-6). Calculate the greatest common factor of p and h.
32
Let p(s) = 262*s - 10396. Let z be p(40). Calculate the greatest common divisor of 6034 and z.
14
Let r be (-154)/3*65928/(-574). Calculate the greatest common divisor of 132 and r.
44
Let j be (2 - (-112)/(-52) - (-816)/(-104)) + 83. What is the highest common divisor of j and 9465?
15
Let u = 75 - 31. What is the greatest common factor of u and 22?
22
Let q(w) = w**2 + 3*w + 12645. Let t be q(0). Let z = -6109 + t. Let v be (-2)/6 + z/24. Calculate the highest common divisor of v and 34.
34
Let q = -544 - -1031. Suppose 12*y = -43 + q. Suppose 0 = x - 5*u - 264, -1 = -4*u - 5. Calculate the highest common factor of x and y.
37
Suppose -t + w + 507 = 0, -5*t + 8*t - w - 1515 = 0. Suppose -143*d - t = -150*d. Suppose 2*l - 6*l + 16 = 0. Calculate the highest common divisor of d and l.
4
Let g(y) = -248 - 253 + 355*y**2 + 501. Let m be g(1). What is the highest common divisor of m and 142?
71
Let x be (-20)/(-12)*(-6)/(-2). Suppose -3 = -3*j - 126. Let p = 4 - j. What is the greatest common factor of p and x?
5
Let f = 130 + -105. Let d(k) = 6 + 9*k + 5*k - 13*k + f. Let a be d(-16). Calculate the greatest common divisor of 25 and a.
5
Let h(z) = 24*z - 244. Let q be h(11). Let u = 60 - 20. Calculate the highest common factor of u and q.
20
Suppose 0 = -3*s - 5*w + 117, -w = 4*s + 4*w - 151. Suppose 128 = 3*n - 130. Suppose 50 = i - n. Calculate the greatest common divisor of s and i.
34
Let j(c) = 7*c - 63. Let w be j(10). Let y be (441 - 0)*(w + (-180)/27). Calculate the highest common divisor of 245 and y.
49
Let r(b) = -b**3 - 2*b**2 - 9*b + 336. Let k be r(0). What is the highest common factor of 378 and k?
42
Suppose -1187 = -264*f + 144*f + 13. Suppose -3*o + n = -2*n - 21, 0 = -5*o - 5*n - 5. Suppose 8*u - 400 = o*u. Calculate the greatest common factor of f and u.
10
Suppose -608*h + 621*h = 0. Suppose h = -21*r - 6*r + 10179. Calculate the highest common factor of 13 and r.
13
Let q(b) = 2*b**2 - 7*b + 4. Let u be q(7). Let r = -29 + u. Let y = 9912 + -9696. Calculate the highest common divisor of y and r.
24
Let z(q) = -4*q + 10. Suppose 3*g + 40 = a, 3*a = -g + 5*g + 60. Let b be z(g). Calculate the greatest common divisor of 29 and b.
29
Let d be ((-9)/(-2 + -1))/(-5 + 32/6). Calculate the greatest common factor of 87 and d.
3
Suppose 1060*k = 1020*k + 29120. What is the greatest common factor of k and 1040?
104